s divided by 47.
43
Calculate the remainder when 87 is divided by 19.
11
What is the remainder when 212 is divided by 20?
12
Calculate the remainder when 6203 is divided by 47.
46
What is the remainder when 80 is divided by 9?
8
Calculate the remainder when 2129 is divided by 133.
1
What is the remainder when 11124 is divided by 14?
8
What is the remainder when 218 is divided by 17?
14
What is the remainder when 400 is divided by 193?
14
Calculate the remainder when 1723 is divided by 217.
204
Calculate the remainder when 304 is divided by 69.
28
Calculate the remainder when 1471 is divided by 488.
7
Calculate the remainder when 217 is divided by 6.
1
Calculate the remainder when 595 is divided by 4.
3
Calculate the remainder when 752 is divided by 535.
217
What is the remainder when 8803 is divided by 16?
3
What is the remainder when 351 is divided by 30?
21
Calculate the remainder when 943 is divided by 157.
1
What is the remainder when 3095 is divided by 111?
98
Calculate the remainder when 654 is divided by 134.
118
Calculate the remainder when 907 is divided by 182.
179
What is the remainder when 278 is divided by 46?
2
What is the remainder when 2729 is divided by 13?
12
What is the remainder when 1673 is divided by 35?
28
Calculate the remainder when 16 is divided by 4.
0
What is the remainder when 10959 is divided by 189?
186
What is the remainder when 1085 is divided by 17?
14
Calculate the remainder when 94 is divided by 35.
24
Calculate the remainder when 129 is divided by 72.
57
What is the remainder when 231 is divided by 104?
23
Calculate the remainder when 127 is divided by 81.
46
Calculate the remainder when 1440 is divided by 712.
16
What is the remainder when 82 is divided by 29?
24
What is the remainder when 186 is divided by 65?
56
What is the remainder when 1026 is divided by 3?
0
Calculate the remainder when 316 is divided by 118.
80
What is the remainder when 240 is divided by 19?
12
Calculate the remainder when 124 is divided by 60.
4
Calculate the remainder when 3304 is divided by 57.
55
Calculate the remainder when 67 is divided by 19.
10
Calculate the remainder when 14840 is divided by 17.
16
Calculate the remainder when 720 is divided by 25.
20
What is the remainder when 590 is divided by 252?
86
What is the remainder when 11683 is divided by 205?
203
What is the remainder when 9878 is divided by 183?
179
What is the remainder when 4498 is divided by 53?
46
Calculate the remainder when 462 is divided by 39.
33
What is the remainder when 790 is divided by 22?
20
Calculate the remainder when 495 is divided by 13.
1
What is the remainder when 21997 is divided by 28?
17
What is the remainder when 1063 is divided by 180?
163
Calculate the remainder when 747 is divided by 68.
67
What is the remainder when 150 is divided by 38?
36
What is the remainder when 4941 is divided by 47?
6
Calculate the remainder when 1480 is divided by 62.
54
What is the remainder when 81 is divided by 27?
0
What is the remainder when 2581 is divided by 859?
4
Calculate the remainder when 529 is divided by 275.
254
What is the remainder when 148 is divided by 33?
16
What is the remainder when 480 is divided by 158?
6
Calculate the remainder when 151 is divided by 77.
74
Calculate the remainder when 1188 is divided by 390.
18
What is the remainder when 174 is divided by 4?
2
Calculate the remainder when 1619 is divided by 81.
80
Calculate the remainder when 717 is divided by 45.
42
Calculate the remainder when 613 is divided by 199.
16
Calculate the remainder when 150 is divided by 38.
36
Calculate the remainder when 7921 is divided by 1582.
11
Calculate the remainder when 5307 is divided by 118.
115
Calculate the remainder when 2395 is divided by 11.
8
Calculate the remainder when 520 is divided by 249.
22
Calculate the remainder when 279 is divided by 18.
9
What is the remainder when 1402 is divided by 27?
25
What is the remainder when 134 is divided by 68?
66
Calculate the remainder when 63 is divided by 42.
21
What is the remainder when 2198 is divided by 10?
8
Calculate the remainder when 18 is divided by 5.
3
Calculate the remainder when 312 is divided by 15.
12
Calculate the remainder when 808 is divided by 45.
43
Calculate the remainder when 274 is divided by 71.
61
Calculate the remainder when 424 is divided by 17.
16
What is the remainder when 203 is divided by 52?
47
What is the remainder when 1673 is divided by 60?
53
Calculate the remainder when 81 is divided by 5.
1
Calculate the remainder when 1311 is divided by 16.
15
Calculate the remainder when 2493 is divided by 58.
57
Calculate the remainder when 59 is divided by 24.
11
Calculate the remainder when 2638 is divided by 3.
1
Calculate the remainder when 16100 is divided by 244.
240
What is the remainder when 161 is divided by 79?
3
What is the remainder when 3304 is divided by 55?
4
What is the remainder when 498 is divided by 291?
207
Calculate the remainder when 572 is divided by 42.
26
What is the remainder when 205 is divided by 71?
63
Calculate the remainder when 351 is divided by 126.
99
What is the remainder when 175 is divided by 31?
20
What is the remainder when 483 is divided by 125?
108
Calculate the remainder when 34 is divided by 29.
5
Calculate the remainder when 4068 is divided by 110.
108
Calculate the remainder when 1293 is divided by 258.
3
Calculate the remainder when 988 is divided by 135.
43
What is the remainder when 569 is divided by 26?
23
What is the remainder when 77 is divided by 10?
7
What is the remainder when 10447 is divided by 50?
47
What is the remainder when 106 is divided by 58?
48
Calculate the remainder when 154 is divided by 45.
19
What is the remainder when 1186 is divided by 85?
81
What is the remainder when 234 is divided by 59?
57
Calculate the remainder when 1841 is divided by 48.
17
What is the remainder when 6 is divided by 2?
0
Calculate the remainder when 299 is divided by 50.
49
Calculate the remainder when 437 is divided by 65.
47
What is the remainder when 153 is divided by 12?
9
What is the remainder when 567 is divided by 119?
91
What is the remainder when 345 is divided by 12?
9
What is the remainder when 201 is divided by 9?
3
What is the remainder when 930 is divided by 197?
142
Calculate the remainder when 69 is divided by 19.
12
Calculate the remainder when 1002 is divided by 125.
2
Calculate the remainder when 241 is divided by 7.
3
What is the remainder when 44 is divided by 11?
0
Calculate the remainder when 635 is divided by 64.
59
What is the remainder when 305 is divided by 74?
9
Calculate the remainder when 37 is divided by 5.
2
What is the remainder when 251 is divided by 23?
21
What is the remainder when 580 is divided by 53?
50
Calculate the remainder when 225 is divided by 96.
33
Calculate the remainder when 98 is divided by 40.
18
What is the remainder when 4150 is divided by 21?
13
Calculate the remainder when 5880 is divided by 369.
345
What is the remainder when 509 is divided by 8?
5
Calculate the remainder when 99 is divided by 41.
17
Calculate the remainder when 1071 is divided by 214.
1
What is the remainder when 224 is divided by 52?
16
Calculate the remainder when 5283 is divided by 34.
13
Calculate the remainder when 1375 is divided by 673.
29
What is the remainder when 288 is divided by 51?
33
What is the remainder when 2113 is divided by 19?
4
What is the remainder when 6003 is divided by 79?
78
Calculate the remainder when 387 is divided by 123.
18
Calculate the remainder when 2734 is divided by 25.
9
Calculate the remainder when 515 is divided by 487.
28
Calculate the remainder when 202 is divided by 48.
10
What is the remainder when 1001 is divided by 59?
57
What is the remainder when 125 is divided by 44?
37
Calculate the remainder when 17 is divided by 15.
2
Calculate the remainder when 354 is divided by 3.
0
Calculate the remainder when 147 is divided by 54.
39
What is the remainder when 665 is divided by 640?
25
What is the remainder when 204 is divided by 36?
24
Calculate the remainder when 7551 is divided by 8.
7
Calculate the remainder when 753 is divided by 249.
6
What is the remainder when 34 is divided by 22?
12
What is the remainder when 255 is divided by 54?
39
What is the remainde